1 = -5*z, 0 = -3*z + 4*v + 6 + 5. What is the units digit of (-1)/(-2)*(306 + z + -3)?
4
Let i(q) = -q**2 + 13*q - 5. Let n be (2 + -2)/(2/1). Suppose -l - 4 = n, m = -2*m + 2*l + 44. What is the units digit of i(m)?
7
Let m(i) be the third derivative of i**4/2 + 5*i**3/2 - 3*i**2. What is the tens digit of m(6)?
8
Let r(y) = 247*y - 13. What is the tens digit of r(2)?
8
Suppose -5740 = 2*q - 12*q. What is the tens digit of q?
7
Let j = -62 + 110. Suppose 0 = -5*x + x - j. Let b = 49 + x. What is the units digit of b?
7
Let v = 38 + 514. What is the tens digit of v?
5
Suppose 0 = -5*k - 5*f, 0 = -2*k + 6*k - 4*f. Suppose k = 4*z - 109 - 71. What is the tens digit of z?
4
Suppose 64*w - 58*w - 666 = 0. What is the tens digit of w?
1
Let k = -2372 + 4258. What is the units digit of k?
6
Let l be (2/3)/(-1)*-3. Let n(x) = 6*x + x**3 - 3*x + 3*x**l - 2*x + 1 - 3*x. What is the units digit of n(-2)?
9
Let p = 177 - 126. Let c be (-1)/(p/(-12) + 4). Suppose -c*a + 71 = -29. What is the tens digit of a?
2
Suppose -3*p + 1 = -5. Suppose -5*w + c - 5*c = -168, -p*c + 138 = 4*w. Let g = w + -21. What is the units digit of g?
5
Let b(s) = 25*s + 156. What is the tens digit of b(11)?
3
Suppose 564 = -0*f - 4*f. Let p = 216 + f. Suppose 3*j = 6*j - 5*s - p, 2*j - 2*s = 50. What is the tens digit of j?
2
Let h(u) = 5*u + 12*u - 9 + 0 - u**2 - 7*u. Let s be h(9). Suppose s = 2*l + 3 - 19. What is the units digit of l?
8
Suppose -5*r + w + 1863 = 0, -r + 18*w + 381 = 22*w. What is the tens digit of r?
7
Let p(n) = n**3 - 2*n**2 + 3. Let t be p(0). Suppose -2 = k, -k + 6*k = -t*w + 515. What is the tens digit of w?
7
Suppose -4*u = 3*z - 527, 0 = -4*u - 2*z - 239 + 761. Suppose -n - u = -2*n. Suppose 0*o = -4*o + n. What is the units digit of o?
2
Let v = 1630 + -123. What is the hundreds digit of v?
5
Let w = -3 + 4. Let k = -34 + 28. What is the units digit of ((-2)/k)/(w/24)?
8
Suppose 3*x = 9 + 9. Suppose -3*d + x = -0*d. What is the units digit of (136/6)/(d/3)?
4
Suppose 17*b - 1187 = -4*x + 16*b, -5*b - 919 = -3*x. What is the hundreds digit of x?
2
Suppose 0 = -12*h + 18*h + 618. Let n = -18 - h. What is the tens digit of n?
8
Suppose -638*d + 808 = -636*d. What is the hundreds digit of d?
4
Suppose -h + 6 = -3*r - 12, 2*r - 16 = -4*h. Suppose 0 = 2*m + h. What is the tens digit of -6*m/(-9)*-10?
2
Let p(m) = -2*m - 14. Let q be p(-8). Let b be 1*q*(-6)/12. What is the tens digit of 25 + (3 + b)/(-2)?
2
What is the thousands digit of 505/303 - 5311/(-3)?
1
Let d(h) = -2*h**2 + 19. Let o be d(-3). Suppose 0 = f + f - v - 11, -3*v - 24 = -3*f. What is the units digit of 4/o*f*1?
2
Let l(a) = -a**3 + 2*a**2 + 23*a + 70. What is the units digit of l(-16)?
0
Suppose -15*a + 28*a = 22282. What is the thousands digit of a?
1
Let i = -33 + 23. Let j = i - -21. What is the tens digit of j?
1
Suppose -2*w - 33 = 29. Let u = -135 + 179. Let g = u + w. What is the tens digit of g?
1
Suppose 4*k = -4*g - 16, 4*g - 5*k - 23 - 6 = 0. What is the hundreds digit of (0 - -178) + g + -3?
1
Suppose 6613 + 4212 = 5*l. What is the tens digit of l?
6
Suppose x - f - 17 - 43 = 0, 4*x - f = 228. Let l = x - 25. What is the units digit of l?
1
Suppose -z + 4*z - 2*n + 173 = 0, -3*n = -4*z - 230. Let w = z - -109. Suppose 5*l = 6*l - w. What is the units digit of l?
0
Suppose 75 = 8*l - 2781. What is the hundreds digit of l?
3
Let o be -4 + 3 + (-20 - -4)/(-4). What is the units digit of (732/(-16))/(o/(-16))?
4
Let h(j) = 2*j**2 + 22*j + 12. Let y be h(-16). Suppose 25 - y = -3*r. What is the tens digit of r?
4
Let w(q) = -130*q**3 + q**2 - 8*q - 7. What is the thousands digit of w(-3)?
3
Let l be 52/(-14) + 2/(-7). Let b(x) = 2*x**2 + 18*x - 1. Let z be b(-9). Let n = z - l. What is the units digit of n?
3
Suppose j + 4*p - 1083 = p, 4*j - 4288 = -p. What is the tens digit of j?
7
Let i(p) = -201*p**3 + 9*p**2 + 9*p - 7. What is the thousands digit of i(-2)?
1
Let c = 5 - 16. Let x = 46 - c. What is the units digit of x?
7
Suppose 0 = -3*s + 2*u + 898, 594 = 6*s - 4*s + u. What is the units digit of s?
8
Let q(z) = -z**3 + 17*z**2 - 13*z + 16. What is the units digit of q(13)?
3
Let u = 174 + 250. What is the hundreds digit of u?
4
Let i be 607*(3 - (-3 + 5)). Suppose -i = n + 5*o, -o = -2*n + o - 1202. What is the units digit of n/(-77) - 2/(-11)?
8
Suppose 0*a + 2*a = 4. Let g = -8 - -4. What is the units digit of g/a + (-54)/(-3)?
6
Let k = 2800 - 1985. What is the hundreds digit of k?
8
Let l = 6137 + -817. What is the thousands digit of l?
5
Let z(d) = 6*d**3 + 3*d**3 - 6*d - 8*d**3 - 5*d + 6 - 3*d**2. What is the tens digit of z(7)?
2
Let x(u) = -u - 4. Let h be x(-6). Suppose h*o + 3*q - 166 = 4*q, 0 = -2*o + 2*q + 164. Suppose o = 5*f - f. What is the units digit of f?
1
Suppose -63*w + 58*w + 115 = 0. What is the tens digit of w?
2
Suppose 0 = -3*l - 3*l - 2592. Let j = l + 692. What is the hundreds digit of j?
2
Suppose -3*s + 12 = 0, 3*q = -0*q - 3*s + 21. Suppose 0 = q*a + 3 - 0. What is the units digit of (a - -1) + (20 - 6)?
4
Let k = 349 + -217. Let a = k + -90. What is the tens digit of a?
4
Let t(n) = 5*n**3 + 3*n**2 + 3*n + 1. Let w be t(-2). Let b = 76 + w. What is the units digit of b?
3
Let o be -4 + 10/5 - -2. Suppose 4*z - 440 = -o*z. What is the tens digit of z?
1
Let z(l) be the third derivative of -l**6/120 - l**5/60 + 5*l**4/24 + 2*l**3/3 + 6*l**2. Let h be z(-4). Let b = 62 - h. What is the tens digit of b?
3
Let z = -5 - -5. Suppose z = 5*n - n. Suppose n*s + 50 = s. What is the tens digit of s?
5
Suppose 0 = 5*r + 4*k + 1004 - 3534, 3*k = 3*r - 1491. Let b = r - 310. What is the units digit of b?
2
Suppose 0 = -5*v - x + 29, 3*v = -x + 6 + 11. Let b(n) = -7*n - 2 + v*n - 3. What is the units digit of b(-10)?
5
Suppose 1307 - 87 = 5*z. What is the units digit of z?
4
Suppose 0 = -0*x - 3*x - 4*k - 1958, 5*k = 2*x + 1290. Let n = x - -993. What is the hundreds digit of n?
3
Let t(q) = -5*q + 18. Let k(p) = 14*p - 54. Let m(j) = -6*k(j) - 17*t(j). Let l be (8/(-3) + 2)*135/18. What is the units digit of m(l)?
3
Suppose -97 - 64 = -23*g. Let r(t) = -t**3 + 2*t**2 + t - 1. Let l be r(2). Let z = l + g. What is the units digit of z?
8
What is the tens digit of (-24 - 3)/(3/(-62))?
5
Let h be 69/18 + (-1)/(-6). Let f = h - 0. Suppose -n - 57 = -f*n. What is the tens digit of n?
1
Let p be (18/(-4))/(1/2). Suppose -2*r = 5*r + 28. Let y = r - p. What is the units digit of y?
5
Let d = 39 + -37. Let c(h) = -2*h**3 - 3*h**2 - 13*h + 7. Let w(f) = -3*f**3 - 4*f**2 - 19*f + 10. Let k(a) = 7*c(a) - 5*w(a). What is the units digit of k(d)?
1
Let n be ((-1022)/35)/((-1)/(-5)). What is the hundreds digit of -2 + 0 - (8 + n)?
1
Let q(i) = 3 + 2 - 14 + 7*i - 8. Suppose 4*a = -3*g + 24, -2*g = g. What is the units digit of q(a)?
5
Let b(x) = -x**3 + x**2 + x - 12. Let a be b(0). Let c = 33 - 69. Let n = a - c. What is the tens digit of n?
2
Let l be (((-10)/4)/1)/((-5)/10). Suppose -2*c + 0*c + 242 = f, -5*f - l*c = -1205. What is the tens digit of f?
4
Let t(a) = 1 + 2 + 5643*a + 15*a**2 + 2 - 5640*a. Suppose 10 = -6*w + w. What is the units digit of t(w)?
9
Let w(y) = 101*y**2 + 11*y - 28. What is the hundreds digit of w(3)?
9
Let i be 0 - -4 - (-2)/((-2)/(-395)). Let x = -229 + i. What is the hundreds digit of x?
1
Suppose -2*t = 2*o - 7204, 2*t + 12*o = 17*o + 7204. What is the hundreds digit of t?
6
Suppose 16*l + 1533 - 7693 = 0. What is the tens digit of l?
8
Let c(s) = -s**3 + 7*s**2 + 8*s + 1. Let j be c(7). Suppose 4*d - 233 + j = 0. What is the units digit of (-275)/d*-1*4?
5
Suppose o - 15 = 4*o. Let z = o - -14. Let g = 31 - z. What is the units digit of g?
2
Let o = 245 - 264. Let k be (6/4)/(3/(-64)). Let p = o - k. What is the tens digit of p?
1
What is the tens digit of (0 - (4 - 3)) + 8701/11?
9
Let r = 1518 + -1359. What is the tens digit of r?
5
Let k(u) = -u**3 + 4*u**2 - 2*u. Let n = 10 - 7. Let v be k(n). Let t = 16 + v. What is the units digit of t?
9
Let c be (318/(-24))/(3/(-48)). Suppose 236*t = 238*t - c. What is the units digit of t?
6
Suppose 0 = -4*z + 219 + 1197. What is the units digit of ((-4)/6)/((-4)/z)?
9
Let u be (-95)/(-20) + (-3)/4. Suppose -138 = -2*n - 5*r, -8*r + 8 = -u*r. What is the units digit of n?
4
Suppose -3 = -